t is the remainder when 1773 is divided by 42?
9
Calculate the remainder when 15 is divided by 14.
1
What is the remainder when 43 is divided by 16?
11
Calculate the remainder when 451 is divided by 12.
7
Calculate the remainder when 221 is divided by 16.
13
Calculate the remainder when 873 is divided by 12.
9
What is the remainder when 2249 is divided by 115?
64
What is the remainder when 50 is divided by 16?
2
What is the remainder when 6209 is divided by 12?
5
What is the remainder when 129 is divided by 26?
25
Calculate the remainder when 3283 is divided by 73.
71
What is the remainder when 248 is divided by 72?
32
What is the remainder when 168 is divided by 17?
15
What is the remainder when 3005 is divided by 31?
29
What is the remainder when 632 is divided by 316?
0
What is the remainder when 2064 is divided by 53?
50
Calculate the remainder when 1142 is divided by 530.
82
Calculate the remainder when 278 is divided by 47.
43
What is the remainder when 62 is divided by 38?
24
What is the remainder when 2764 is divided by 6?
4
Calculate the remainder when 2209 is divided by 67.
65
What is the remainder when 455 is divided by 92?
87
Calculate the remainder when 209 is divided by 83.
43
What is the remainder when 146 is divided by 49?
48
What is the remainder when 46 is divided by 11?
2
What is the remainder when 95 is divided by 30?
5
Calculate the remainder when 83 is divided by 15.
8
Calculate the remainder when 294 is divided by 99.
96
What is the remainder when 247 is divided by 57?
19
Calculate the remainder when 154 is divided by 13.
11
Calculate the remainder when 168 is divided by 18.
6
What is the remainder when 1447 is divided by 145?
142
Calculate the remainder when 139 is divided by 80.
59
What is the remainder when 976 is divided by 219?
100
What is the remainder when 158 is divided by 53?
52
Calculate the remainder when 208 is divided by 178.
30
What is the remainder when 74 is divided by 10?
4
Calculate the remainder when 174 is divided by 66.
42
What is the remainder when 6174 is divided by 16?
14
Calculate the remainder when 4791 is divided by 218.
213
Calculate the remainder when 166 is divided by 10.
6
What is the remainder when 7748 is divided by 31?
29
What is the remainder when 5808 is divided by 34?
28
Calculate the remainder when 2753 is divided by 19.
17
Calculate the remainder when 1802 is divided by 167.
132
Calculate the remainder when 398 is divided by 132.
2
What is the remainder when 402 is divided by 15?
12
What is the remainder when 144 is divided by 21?
18
Calculate the remainder when 249 is divided by 53.
37
Calculate the remainder when 168 is divided by 37.
20
What is the remainder when 920 is divided by 13?
10
What is the remainder when 504 is divided by 46?
44
What is the remainder when 124 is divided by 16?
12
Calculate the remainder when 248 is divided by 57.
20
Calculate the remainder when 1453 is divided by 9.
4
What is the remainder when 481 is divided by 49?
40
What is the remainder when 1047 is divided by 41?
22
What is the remainder when 277 is divided by 40?
37
Calculate the remainder when 2839 is divided by 98.
95
What is the remainder when 109 is divided by 10?
9
What is the remainder when 176 is divided by 5?
1
What is the remainder when 471 is divided by 148?
27
What is the remainder when 14078 is divided by 57?
56
Calculate the remainder when 818 is divided by 13.
12
What is the remainder when 215 is divided by 71?
2
Calculate the remainder when 291 is divided by 287.
4
Calculate the remainder when 468 is divided by 95.
88
What is the remainder when 2365 is divided by 66?
55
Calculate the remainder when 180 is divided by 66.
48
Calculate the remainder when 244 is divided by 83.
78
Calculate the remainder when 61 is divided by 21.
19
Calculate the remainder when 54 is divided by 21.
12
Calculate the remainder when 1270 is divided by 6.
4
What is the remainder when 2693 is divided by 11?
9
Calculate the remainder when 88 is divided by 15.
13
What is the remainder when 216 is divided by 73?
70
What is the remainder when 1533 is divided by 4?
1
What is the remainder when 358 is divided by 45?
43
What is the remainder when 8398 is divided by 24?
22
What is the remainder when 238 is divided by 15?
13
What is the remainder when 2184 is divided by 722?
18
Calculate the remainder when 755 is divided by 54.
53
Calculate the remainder when 70 is divided by 47.
23
What is the remainder when 538 is divided by 256?
26
Calculate the remainder when 5232 is divided by 119.
115
What is the remainder when 410 is divided by 67?
8
What is the remainder when 199 is divided by 43?
27
Calculate the remainder when 120 is divided by 46.
28
What is the remainder when 204 is divided by 35?
29
What is the remainder when 745 is divided by 44?
41
What is the remainder when 32675 is divided by 84?
83
What is the remainder when 754 is divided by 258?
238
What is the remainder when 171 is divided by 59?
53
Calculate the remainder when 131 is divided by 9.
5
Calculate the remainder when 20 is divided by 10.
0
Calculate the remainder when 78 is divided by 1.
0
What is the remainder when 150 is divided by 9?
6
What is the remainder when 1530 is divided by 172?
154
What is the remainder when 158 is divided by 3?
2
Calculate the remainder when 82 is divided by 43.
39
What is the remainder when 4549 is divided by 325?
324
What is the remainder when 280 is divided by 47?
45
What is the remainder when 674 is divided by 18?
8
Calculate the remainder when 696 is divided by 118.
106
Calculate the remainder when 1292 is divided by 72.
68
What is the remainder when 5617 is divided by 38?
31
What is the remainder when 221 is divided by 44?
1
What is the remainder when 137 is divided by 131?
6
What is the remainder when 284 is divided by 57?
56
Calculate the remainder when 2000 is divided by 499.
4
Calculate the remainder when 1049 is divided by 46.
37
What is the remainder when 72 is divided by 7?
2
Calculate the remainder when 98 is divided by 34.
30
What is the remainder when 6294 is divided by 50?
44
What is the remainder when 60 is divided by 40?
20
Calculate the remainder when 38179 is divided by 166.
165
What is the remainder when 3686 is divided by 409?
5
What is the remainder when 2239 is divided by 34?
29
What is the remainder when 902 is divided by 43?
42
What is the remainder when 561 is divided by 23?
9
What is the remainder when 3129 is divided by 87?
84
What is the remainder when 29 is divided by 25?
4
Calculate the remainder when 586 is divided by 98.
96
Calculate the remainder when 181 is divided by 63.
55
What is the remainder when 175 is divided by 20?
15
Calculate the remainder when 8259 is divided by 2746.
21
What is the remainder when 1577 is divided by 391?
13
What is the remainder when 99 is divided by 82?
17
Calculate the remainder when 600 is divided by 580.
20
What is the remainder when 8987 is divided by 10?
7
Calculate the remainder when 1112 is divided by 9.
5
What is the remainder when 128 is divided by 56?
16
What is the remainder when 124 is divided by 32?
28
What is the remainder when 13214 is divided by 14?
12
What is the remainder when 1135 is divided by 37?
25
Calculate the remainder when 534 is divided by 35.
9
What is the remainder when 129 is divided by 20?
9
What is the remainder when 592 is divided by 70?
32
What is the remainder when 1858 is divided by 15?
13
Calculate the remainder when 1087 is divided by 216.
7
Calculate the remainder when 1469 is divided by 23.
20
What is the remainder when 4565 is divided by 9?
2
What is the remainder when 936 is divided by 291?
63
Calculate the remainder when 89 is divided by 13.
11
Calculate the remainder when 23662 is divided by 34.
32
What is the remainder when 285 is divided by 26?
25
Calculate the remainder when 1257 is divided by 60.
57
What is the remainder when 183 is divided by 109?
74
Calculate the remainder when 241 is divided by 81.
79
Calculate the remainder when 1436 is divided by 20.
16
Calculate the remainder when 209 is divided by 7.
6
What is the remainder when 179 is divided by 15?
14
What is the remainder when 567 is divided by 41?
34
Calculate the remainder when 203 is divided by 23.
19
What is the remainder when 1892 is divided 